e greatest common divisor of u and 14.
14
Let g be (124 - 3) + (1 - 4). Suppose -4*b = -3*r - g, -5*b + 2*r + 146 = -r. Calculate the greatest common divisor of 252 and b.
28
Suppose -183*w = -185*w + 248. What is the highest common factor of w and 31?
31
Let q = -132 - -186. What is the greatest common divisor of q and 6?
6
Suppose -362 = -5*m + 118. Calculate the greatest common divisor of m and 24.
24
Suppose -125 = -14*s + 5475. What is the greatest common divisor of 16 and s?
16
Let w(s) = 14*s - 33. Let y be w(12). Calculate the greatest common factor of 54 and y.
27
Let x(p) = -p - 4. Let f be x(-5). Calculate the greatest common divisor of f and 11.
1
Let z(l) = l + 6. Let s be z(-10). Let f be 7 - (-2 - s - -1). What is the greatest common divisor of 12 and f?
4
Let u = -11 + 60. Let q be (-155)/(-20) + 6/(-8). Calculate the highest common factor of q and u.
7
Let d(p) = -p**3 - 7*p**2 - 8*p - 4. Let x be d(-6). Let o(h) = h**3 - 3*h**2 - 8*h + 4. Let l be o(6). What is the highest common factor of l and x?
8
Let c(y) = 2*y**3 - 3*y**2 + 6*y + 6. Let j be c(9). Let m be j/10 - (-1)/2. Suppose 0*l = -4*l + m. What is the highest common divisor of l and 8?
8
Let a be (-945)/15*(1 - (-26)/(-14)). Calculate the greatest common factor of 6 and a.
6
Let i = -1 + 10. Let d(z) = -i - 3*z - z**2 + z**2 + z**2. Let c be d(-6). Calculate the greatest common divisor of 18 and c.
9
Let g(l) = l**2 + 15*l + 18. Let b be g(-14). What is the highest common divisor of 32 and b?
4
Let h = 20 + -13. Let p = h - 9. Let l = p + 14. What is the greatest common divisor of 12 and l?
12
Let v(z) = 30*z. Let l be v(2). Let k be (-40)/(-7) - (-4)/14. Calculate the greatest common divisor of l and k.
6
Let m(c) = 17*c - 7. Let b be m(6). Let h = 281 + -243. What is the greatest common divisor of h and b?
19
Let d(s) = -6 + 1 + 6*s - 3 + s**2. Let g be d(-8). Let z be 6/15 - 396/(-10). What is the highest common factor of z and g?
8
Let n be (-2)/(-2)*(-48)/(-6). Let o be n/(-4)*1/(-2). Calculate the greatest common divisor of o and 8.
1
Suppose 11*k - 3186 = 928. Calculate the highest common factor of 34 and k.
34
Let v = 229 - 119. Calculate the greatest common divisor of v and 10.
10
Let v(s) = 2*s - 2. Let i be v(-5). Suppose -4*u = -w + 40, -5*w + 72 = -3*u - 43. Let q = i + w. Calculate the highest common divisor of 4 and q.
4
Suppose -2*b - 1 = f - 13, f - 3*b = 22. Calculate the greatest common divisor of f and 12.
4
Let z be -5*(-20 + 25/5). Calculate the greatest common divisor of z and 15.
15
Let u be 0 + 3 + -3 - -9. Suppose 18 = -u*q + 10*q. What is the highest common divisor of 18 and q?
18
Suppose -3*l - 5*c = -851, -2*l + 4*l - 3*c - 561 = 0. Let v = l + -192. Let g be (-106)/(-3) + 2/3. What is the highest common factor of v and g?
18
Let b(v) = -v**2 - 13*v + 17. Let w be b(-14). Calculate the highest common factor of w and 15.
3
Suppose 4*f = -4*k - 3 + 11, -4*k - 2 = -f. Let l = 1 - k. Let y be (8/10)/(l/10). What is the highest common divisor of y and 72?
8
Let z = 73 + -52. What is the highest common divisor of 42 and z?
21
Suppose -2*w = w + 18. Let h = w + 14. Calculate the highest common factor of 64 and h.
8
Let b be (-4)/12 - (-1805)/15. Calculate the greatest common factor of b and 30.
30
Suppose -3*k = 3*f - 66, -76 = -3*k - k + 2*f. Let q be 8/k + (-116)/(-10). Calculate the highest common divisor of q and 30.
6
Let b be 1/2 + 114/4. Let w = 40 - b. Let i(q) = -5*q - 4. Let m be i(-3). Calculate the highest common divisor of m and w.
11
Let w be (4 - 0) + -2 - -1. Let o(g) = g - 1. Let n be o(w). Let a be 21 - 5 - n/2. Calculate the highest common divisor of 45 and a.
15
Let r be ((-8)/(-10))/((-10)/50). Let y = 20 + r. Calculate the greatest common divisor of 16 and y.
16
Suppose -4*d + 153 = -5*h, -2*d = 3*h - 2*h - 87. What is the highest common divisor of d and 28?
14
Let w(v) = 4*v - 20. Let k be w(7). Calculate the highest common divisor of 44 and k.
4
Let l(d) = -d**3 + 13*d**2 - 11*d - 11. Let x be l(12). Let o be x - 0/(-3) - -10. Calculate the highest common divisor of 44 and o.
11
Let a(i) be the first derivative of i**2 + 6*i + 5. Let q be a(7). What is the greatest common factor of q and 220?
20
Let j = -72 + 89. What is the greatest common factor of j and 17?
17
Let y be (33/(-2))/((-14)/28). What is the highest common factor of 11 and y?
11
Suppose -54*y + 57*y = 51. Calculate the highest common factor of y and 68.
17
Suppose h - 4 = -0*h. Suppose -h*r + 5 = -19. Let o be 165/r - 2/4. What is the greatest common factor of 9 and o?
9
Let j(i) = -i**2 + 5*i + 5. Let o be j(5). Suppose 0 = -o*v + 115 - 30. Calculate the greatest common divisor of 136 and v.
17
Suppose 7*v + v - 72 = 0. What is the highest common factor of 45 and v?
9
Suppose -c + a = -6, 2*a - 18 = -4*c + 3*a. What is the greatest common divisor of 6 and c?
2
Let w = 42 - 26. Calculate the greatest common divisor of 4 and w.
4
Let u = -44 + 84. Let c = u - 18. Calculate the greatest common divisor of 2 and c.
2
Let z be 5 - (6/(-3) + 2). Suppose -o + 5*y - 27 = 3*o, 5*o = -z*y. Let h = 8 + o. What is the highest common factor of h and 55?
5
Let z = 42 - 17. Calculate the highest common factor of 25 and z.
25
Suppose 12 = -2*q - 0. Let f be (4 - q)/(2/3). What is the greatest common divisor of 120 and f?
15
Let w(g) = -g + 4. Let s be w(4). Suppose s = -h + 2*h - 1. Calculate the greatest common divisor of h and 11.
1
Let n be (-20)/12*9/(-3). Calculate the greatest common factor of 25 and n.
5
Let z be -1*(0 - 0) + 24. Let w be (1/2)/(8/16). Let m be 4/(-10)*(-150)/w. What is the greatest common divisor of m and z?
12
Let k = -138 - -146. Suppose 0 = -5*z - u + 6*u, -5*u = z - 6. What is the greatest common divisor of k and z?
1
Let q = 0 - 6. Let d(l) = -l**3 - 6*l**2 - l - 5. Let k be d(q). Let v(x) = -x - 5. Let n be v(-6). What is the highest common factor of k and n?
1
Let j be ((-2)/(-3))/(2/54). Suppose 3*x - x - 10 = 0. Suppose x*l - 167 = -3*i, 5*i + 3*l - 356 = -83. Calculate the greatest common factor of j and i.
18
Suppose 2*g - 15 - 5 = -2*c, 0 = g - 5*c + 20. Calculate the highest common divisor of g and 5.
5
Suppose 80 = 5*d + 10. Let x(z) = -28*z. Let y be x(-4). Suppose y = -v + 2*v. What is the greatest common factor of v and d?
14
Suppose 5*r - 46 = 14. Calculate the highest common divisor of r and 6.
6
Let h = 39 - 14. Let b = -6 - -10. Let i(z) = 2*z**2 - 5*z - 2. Let q be i(b). What is the greatest common divisor of h and q?
5
Let g be (-45)/(-6)*(-4)/(-3). Let y be 152/g - 2/10. Suppose -u + y = 1. What is the highest common divisor of 56 and u?
14
Let w(l) = -6 - l**3 - 12*l + 2 - 10*l**2 - l**2. Let b = 11 - 21. Let f be w(b). Calculate the highest common factor of f and 32.
16
Suppose -3*j = 36 - 45. Calculate the greatest common divisor of 3 and j.
3
Suppose 5*s + 184 = 4*j + s, -2*j = -5*s - 77. Calculate the highest common factor of j and 34.
17
Let g be (1*-2)/(2/(-12)). Let d = 10 + -6. Calculate the greatest common divisor of g and d.
4
Suppose -3*u + 2 = -1. Let c(g) = 23*g + 1. Let a be c(u). Calculate the highest common factor of 72 and a.
24
Let n = 15 + 9. Calculate the highest common factor of n and 8.
8
Let g(l) = -l**3 + 3*l**2 + 6*l - 6. Let m(k) = -k - 1. Let v be m(-4). Let o be 2/(v/12*2). Let z be g(o). What is the highest common factor of 2 and z?
2
Let i = -9 - -81. Calculate the highest common divisor of 8 and i.
8
Suppose 9 = t - 0*f - f, -4*t + 2*f + 38 = 0. What is the highest common factor of t and 10?
10
Suppose -r - 3*r + 778 = -3*f, f = -3*r + 590. Calculate the greatest common divisor of r and 28.
28
Let o(f) = -f - 2. Let z be o(-5). Suppose c = -2*y - 3*c + 278, 0 = z*y - 4*c - 397. What is the highest common divisor of y and 15?
15
Suppose 3*g = 6*u - 7*u + 649, g = -5*u + 207. What is the greatest common factor of 31 and g?
31
Let l(v) = -2*v + 2. Let c be l(1). Suppose c*i = i - 36. Calculate the highest common divisor of 324 and i.
36
Let g(k) = k**2 + 16*k + 17. Let b be g(-17). Calculate the greatest common divisor of 17 and b.
17
Let y(x) = 14*x. Let p be y(1). Calculate the greatest common divisor of 98 and p.
14
Let v(s) = 5*s**3 - 6*s**2 + 7*s - 4. Let a be v(2). What is the highest 